Give x(7).
43
Let c(j) = 82*j + 407. Calculate c(-5).
-3
Let w(k) = 23*k**2 - 204*k + 1. Determine w(8).
-159
Let b(w) = w**2 + 31*w + 273. Determine b(-23).
89
Let n(z) = -7403*z - 37020. Give n(-5).
-5
Let x(r) = 36*r - 55. What is x(6)?
161
Let y(h) = -8*h**2 + 5*h - 30. Calculate y(5).
-205
Let p(j) = 5*j**2 + 97*j - 33. Determine p(-15).
-363
Let k(y) = -y**3 + 11*y**2 - 31*y + 59. Give k(8).
3
Let n(t) = -t**2 - 333*t + 2717. What is n(8)?
-11
Let k(o) = 227*o + 19. Calculate k(0).
19
Let o(p) = p**2 + 24*p + 118. What is o(-6)?
10
Let v(q) = q**3 - 39*q**2 + 3. Calculate v(39).
3
Let v(l) = -l**3 - 62*l**2 - 282*l + 174. What is v(-57)?
3
Let c(a) = 3*a**2 + 1023*a + 4060. Determine c(-4).
16
Let i(x) = -4*x**2 - 850*x + 7500. Calculate i(-221).
-14
Let i(u) = -72*u + 30. What is i(4)?
-258
Let n(r) = -r**3 - 16*r**2 - 72*r - 785. What is n(-14)?
-169
Let m(x) = 623*x - 966. Give m(3).
903
Let y(x) = -21*x - 263. What is y(-13)?
10
Let m(i) = i**2 - 214*i - 15100. What is m(-56)?
20
Let s(c) = -c**2 - 502*c - 3458. Give s(-7).
7
Let n(u) = 39*u - 258. Give n(10).
132
Let y(q) = -155*q + 2322. Give y(15).
-3
Let z(i) = -3*i**2 + 20*i + 34. Determine z(7).
27
Let f(g) = 17*g**2 - 18*g - 4. What is f(2)?
28
Let b(s) = -s**2 - 130*s - 2861. Determine b(-26).
-157
Let t(s) = 40*s**2 + 203*s + 13. Determine t(-5).
-2
Let v(r) = 3*r**3 + 8*r**2 - 12*r - 2. Determine v(-5).
-117
Let u(w) = -w**2 + 34*w + 4756. Give u(-54).
4
Let d(b) = -b**2 - 107*b + 2210. What is d(20)?
-330
Let n(w) = 40*w - 170. Determine n(17).
510
Let q(h) = 74*h - 493. What is q(9)?
173
Let i(u) = -6172*u + 18531. What is i(3)?
15
Let s(r) = -4*r**3 + 31*r**2 + 9*r + 22. What is s(8)?
30
Let k(h) = 4*h**2 + 9*h - 23. What is k(2)?
11
Let a(m) = -9*m**2 + 96*m - 230. What is a(6)?
22
Let g(b) = -2*b**2 + 80*b + 167. Determine g(42).
-1
Let c(w) = -11*w - 329. Determine c(-26).
-43
Let u(y) = -2*y**3 + 24*y**2 - 32*y + 159. Give u(12).
-225
Let g(m) = -15*m + 1304. Give g(88).
-16
Let p(g) = g**2 + 22*g + 68. Give p(-13).
-49
Let j(w) = 119*w - 44. Calculate j(3).
313
Let w(q) = 95*q + 600. Determine w(-6).
30
Let c(p) = p**2 - 111*p - 814. Calculate c(-7).
12
Let s(p) = p**3 - 4*p**2 + 30*p - 104. Calculate s(5).
71
Let l(d) = 2*d**3 + 234*d**2 - 287*d - 6010. Determine l(-118).
8
Let n(r) = -r**2 + 660*r - 3280. What is n(5)?
-5
Let w(v) = 2*v**3 + 3*v**2 + v + 2. Calculate w(-2).
-4
Let p(z) = 147*z - 23660. Determine p(161).
7
Let q(d) = 3*d**3 - 13*d**2 - 51*d - 8. Calculate q(-3).
-53
Let o(s) = -s**3 - 16*s**2 + 2053*s - 11. What is o(-54)?
-65
Let j(t) = -t**3 - t**2 + 4*t - 309. Determine j(0).
-309
Let w(s) = 2*s**3 + 42*s**2 + 36*s - 23. Give w(-20).
57
Let z(r) = -5*r**2 - 65*r + 1266. Give z(11).
-54
Let p(z) = -55*z + 1264. Determine p(17).
329
Let s(m) = -4*m**3 + 49*m**2 + 11*m - 60. Determine s(13).
-424
Let j(r) = -2*r**3 + 18*r**2 + 72*r + 4. Calculate j(-3).
4
Let n(r) = 32*r**2 - 36*r + 4. Give n(1).
0
Let t(r) = r**3 + 4*r**2 - 237*r - 1699. Calculate t(-12).
-7
Let b(h) = -h**3 + 110*h**2 - 550*h + 60484. What is b(110)?
-16
Let m(i) = i**2 + 53*i + 703. Calculate m(-23).
13
Let u(t) = 3*t**2 + 166*t + 1174. Give u(-46).
-114
Let n(i) = -i**3 - 83*i**2 + 232*i - 2232. Calculate n(-86).
4
Let a(s) = 294*s + 834. What is a(-2)?
246
Let r(t) = 6*t**3 - 4*t**2 + 9*t - 11. What is r(2)?
39
Let t(p) = -12*p + 971. Determine t(65).
191
Let o(l) = -l**2 + 241*l - 243. Give o(1).
-3
Let k(z) = 17*z - 65. What is k(4)?
3
Let d(s) = -118*s + 22. What is d(0)?
22
Let w(u) = -145*u + 708. Calculate w(5).
-17
Let a(o) = -55*o - 2872. Calculate a(-52).
-12
Let d(g) = 1001*g - 2012. What is d(2)?
-10
Let u(j) = 9*j**2 - 196*j - 214. Determine u(21).
-361
Let d(p) = 33*p - 1246. Determine d(38).
8
Let a(z) = -463*z - 9723. Determine a(-21).
0
Let d(a) = a**2 + 28*a - 319. Determine d(-37).
14
Let s(p) = -6*p + 32. What is s(3)?
14
Let i(n) = -n**2 + 26*n + 53. Give i(-12).
-403
Let f(z) = -z**3 + 10*z**2 + 2*z - 14. Give f(0).
-14
Let d(q) = -6*q - 295. Give d(-62).
77
Let r(z) = -59*z**2 + 104*z - 199. What is r(2)?
-227
Let n(w) = 76*w - 4037. Determine n(50).
-237
Let o(f) = 18*f**2 + 1036*f - 453. Calculate o(-58).
11
Let p(x) = 2*x**3 - 92*x**2 + 107*x - 778. Give p(45).
-13
Let z(m) = -481*m**2 - 17*m - 15. Determine z(-1).
-479
Let g(f) = -17*f - 258. Determine g(-34).
320
Let c(s) = 27*s - 1825. Determine c(68).
11
Let t(x) = x**3 + 11*x**2 - 51*x + 131. What is t(-15)?
-4
Let o(v) = 77*v - 593. Calculate o(20).
947
Let z(w) = -2*w**3 + 67*w**2 - 71*w - 811. Determine z(32).
-11
Let r(o) = 112*o + 7050. What is r(-63)?
-6
Let m(l) = -228*l**2 - 4*l + 2. Give m(1).
-230
Let s(i) = i**2 + 12*i - 36. Give s(-5).
-71
Let h(v) = -v**3 + 34*v**2 + 46*v + 59. Determine h(35).
444
Let k(h) = 18*h**2 + 252*h - 891. Determine k(-17).
27
Let i(a) = a**2 - 629*a - 7045. Calculate i(-11).
-5
Let m(j) = 2*j**2 - 21*j + 43. Calculate m(15).
178
Let h(j) = -2*j**2 - 28*j + 593. What is h(-26)?
-31
Let c(u) = -4*u - 97. Determine c(-11).
-53
Let k(j) = -3*j**2 + 41*j - 81. Determine k(12).
-21
Let m(c) = -11*c**3 - 2*c**2 + 3*c - 20. What is m(2)?
-110
Let m(y) = -1856*y + 16674. Calculate m(9).
-30
Let m(h) = h**3 + 79*h**2 - 508*h - 23. Give m(6).
-11
Let t(x) = -x**3 + 20*x**2 + 20*x - 737. Calculate t(19).
4
Let b(u) = 7*u**3 + 107*u + 106. Give b(-1).
-8
Let r(k) = 852*k**2 - 860*k + 8. Calculate r(1).
0
Let m(h) = 384*h**2 + 121*h - 122. Give m(1).
383
Let v(n) = n**2 + 53*n - 490. Determine v(-61).
-2
Let g(l) = -23*l - 100. Calculate g(-4).
-8
Let z(t) = -41*t**2 + 164*t - 5. Calculate z(4).
-5
Let b(j) = 1328*j - 1323. Determine b(1).
5
Let r(v) = -327*v**2 + 984*v + 1. Determine r(3).
10
Let x(b) = -7*b**3 + 62*b**2 - 48*b - 16. What is x(8)?
-16
Let w(l) = 13*l + 364. Calculate w(-28).
0
Let o(j) = j**2 - j + 15. Calculate o(-8).
87
Let q(b) = b**2 - 144*b + 1348. Calculate q(134).
8
Let y(h) = -h**2 + 54*h + 137. Give y(59).
-158
Let b(h) = -11*h - 73. Determine b(-6).
-7
Let b(k) = -3*k**2 + 60*k - 122. Give b(18).
-14
Let a(o) = o**2 - 44*o + 40. Give a(43).
-3
Let w(o) = -40*o - 2459. What is w(-61)?
-19
Let y(x) = x**3 - 33*x**2 - 65. What is y(33)?
-65
Let m(h) = 2*h**2 + 117*h - 423. Determine m(-62).
11
Let q(x) = 11*x**3 - x**2 + 7*x - 5. Give q(1).
12
Let u(s) = -s**3 + 99*s**2 + 1591*s - 1019. What is u(113)?
-2
Let p(v) = -43*v + 8423. Give p(196).
-5
Let r(o) = -482*o - 2520. Determine r(-5).
-110
Let u(q) = -4*q**2 - 5*q + 21. Give u(-7).
-140
Let b(i) = -15643*i + 31306. Give b(2).
20
Let m(q) = 39*q + 820. Determine m(-21).
1
Let g(f) = -4*f**2 - 27*f + 455. Determine g(8).
-17
Let h(g) = -29*g**2 - 113*g - 5. Give h(-4).
-17
Let l(g) = -500*g - 500. Determine l(-1).
0
Let j(g) = -g**3 + 45*g**2 + 43*g + 132. Calculate j(46).
-6
Let s(c) = -30*c**2 + 1234*c - 119. Determine s(41).
45
Let a(i) = -3*i**2 + 54*i + 3046. Give a(-24).
22
Let s(y) = 17*y**2 + 86*y + 354. Determine s(-4).
282
Let p(t) = -242*t**3 + 2*t**2 - 2*t - 1. Calculate p(1).
-243
Let i(a) = -a**3 - 46*a**2 + 46*a - 47. Calculate i(-47).
0
Let p(o) = 8*o + 19. Calculate p(2).
35
Let j(w) = -3*w**2 - 17*w - 12. What is j(-6)?
-18
Let l(o) = -2*o**3 - 48*o**2 + 167*o + 136. Calculate l(-27).
1
Let l(y) = 116*y**3 + 2778*y**2 - 142*y + 36. Determine l(-24).
-12
Let j(a) = a**3 - 36*a**2 + 80*a - 121. Calculate j(34).
287
Let m(v) = 2*v**3 + 17*v**2 - 292*v - 47. Calculate m(-17).
4
Let q(i) = -166*i - 8128. Give q(-49).
6
Let d(k) = -k - 34. What is d(-31)?
-3
Let r(g) = 4488*g - 26915. What is r(6)?
13
Let s(q) = -q**2 - 89*q - 1669. Determine s(-26).
-31
Let z(p) = 2*p**2 - 196*p - 393. Calculate z(-2).
7
Let m(h) = 2613*h - 52231. Calculate m(20).
29
Let i(k) = 3638*k - 418367. Calculate i(115).
3
Let l(s) = -60*s - 4431. Calculate l(-78).
249
Let f(i) = -6*i**3 + 55*i**2 - 16*i + 45. Give f(9).
-18
Let u(r) = 237*r + 2348. Give u(-10).
-22
Let v(o) = -12*o**2 - 2159*o + 2161. What is v(1)?
-10
Let d(u) = -86*u + 172. Determine d(2).
0
Let a(l) = l**3 + 29*l**2 - 65*l - 89. Give a(-31).
4
Let j(d) = -d**3 + 40*d**2 + 140*d - 6989. Give j(39).
-8
Let j(a) = 2*a**2 + 117*a + 26. Calculate j(-56).
-254
Let n(r) = -267*r + 473. Determine n(2).
-61
Let m(o) = -o**2 + 199*o - 2079. De